e 8) to base 9.
61336
What is 17d3c (base 14) in base 12?
2aa2a
Convert 877 (base 16) to base 7.
6214
25504 (base 6) to base 3
12021211
Convert -2128 (base 9) to base 4.
-120131
What is 1243440 (base 5) in base 3?
1021010010
Convert 200030 (base 4) to base 16.
80c
What is 40898 (base 10) in base 7?
230144
22112 (base 3) to base 8
346
Convert 1228 (base 15) to base 12.
229b
378 (base 10) to base 14
1d0
What is 49a (base 16) in base 3?
1121122
What is -30 (base 4) in base 2?
-1100
Convert 1e (base 16) to base 14.
22
1011010110000 (base 2) to base 6
42520
Convert -200012 (base 4) to base 9.
-2732
What is 15c90 (base 13) in base 2?
1010001011011011
What is -1168 (base 9) in base 4?
-31220
99a4 (base 12) to base 5
1020342
Convert -212 (base 7) to base 9.
-128
What is -328 (base 12) in base 13?
-299
What is -1b2 (base 12) in base 10?
-278
Convert -1083 (base 11) to base 4.
-112032
121302 (base 4) to base 14
85c
Convert -1b93 (base 16) to base 10.
-7059
What is 324 (base 9) in base 16?
109
-4131 (base 8) to base 6
-13521
Convert -168 (base 13) to base 7.
-513
What is 3001010 (base 4) in base 15?
39db
What is 852 (base 12) in base 16?
4be
What is -73ac (base 16) in base 4?
-13032230
2637 (base 15) to base 7
32524
Convert 269 (base 15) to base 6.
2313
100001101110 (base 2) to base 5
32113
What is 1146 (base 7) in base 2?
110101010
-2211 (base 7) to base 13
-48c
Convert 25051 (base 6) to base 12.
2187
-10d86 (base 15) to base 11
-37367
Convert 2440 (base 9) to base 5.
24233
-2c1 (base 14) to base 3
-202210
What is -106 (base 16) in base 2?
-100000110
What is 98b (base 13) in base 2?
11001100100
Convert -1255 (base 7) to base 11.
-3a8
What is -303101 (base 4) in base 10?
-3281
What is -574 (base 12) in base 2?
-1100101000
-4113 (base 5) to base 11
-445
3998 (base 12) to base 7
25142
Convert -10101 (base 3) to base 4.
-1123
-965a (base 12) to base 5
-1011421
Convert 62 (base 10) to base 12.
52
What is -10435 (base 6) in base 7?
-4160
Convert 4325 (base 6) to base 8.
1735
211002 (base 3) to base 15
29b
Convert 112101120 (base 3) to base 14.
3b75
-1034153 (base 6) to base 4
-30210111
What is -56726 (base 9) in base 6?
-450510
Convert 12303 (base 7) to base 13.
1620
What is 134555 (base 8) in base 15?
e0e9
-73513 (base 8) to base 16
-774b
186 (base 11) to base 10
215
What is -414 (base 5) in base 9?
-131
251 (base 8) to base 2
10101001
What is -36 (base 10) in base 9?
-40
What is -10332011 (base 4) in base 5?
-1122412
-12010301 (base 4) to base 11
-1776a
What is -122 (base 5) in base 6?
-101
What is -1120102101 (base 3) in base 13?
-110cb
What is -351 (base 8) in base 9?
-278
What is 9583 (base 15) in base 12?
16373
What is 26307 (base 8) in base 10?
11463
What is 211340 (base 5) in base 6?
52503
Convert -374 (base 16) to base 4.
-31310
What is -27850 (base 9) in base 16?
-49e6
Convert 507 (base 8) to base 6.
1303
What is 1382 (base 12) in base 3?
10002122
Convert 322 (base 10) to base 3.
102221
Convert b671 (base 14) to base 5.
2001314
733 (base 15) to base 6
11303
-109c (base 14) to base 3
-10221202
-14024 (base 6) to base 12
-1314
What is 48 (base 15) in base 11?
62
What is -b3b (base 12) in base 15?
-73b
What is -707 (base 11) in base 2?
-1101010110
Convert -1650 (base 7) to base 4.
-22200
Convert 62 (base 16) to base 11.
8a
What is 3971 (base 12) in base 9?
10004
What is b0 (base 12) in base 11?
110
Convert 442 (base 13) to base 6.
3214
-9509 (base 14) to base 9
-38208
What is 1456 (base 9) in base 5?
13404
What is 126a (base 11) in base 15?
74e
3c4a (base 13) to base 16
21e9
What is 11cba (base 15) in base 3?
2220000111
What is -462 (base 9) in base 15?
-1a5
What is -12031 (base 4) in base 12?
-291
60a3 (base 14) to base 2
100000011011111
What is 1014 (base 10) in base 5?
13024
Convert 452 (base 14) to base 5.
11411
What is 201221 (base 3) in base 14?
2a6
What is -353 (base 8) in base 6?
-1031
Convert -23110 (base 4) to base 16.
-2d4
6b46 (base 15) to base 12
11233
20000 (base 3) to base 2
10100010
What is 53a (base 13) in base 4?
31332
Convert -3349 (base 10) to base 4.
-310111
Convert 552 (base 14) to base 15.
4a2
Convert -eaf (base 16) to base 9.
-5136
-524311 (base 6) to base 3
-2011020021
Convert 6c42 (base 14) to base 5.
1100444
-14414 (base 6) to base 13
-1090
What is -16a96 (base 12) in base 14?
-bc8a
-864 (base 9) to base 14
-386
Convert 100100001110 (base 2) to base 15.
a48
What is -1000012 (base 3) in base 8?
-1336
-10000211 (base 3) to base 6
-14121
What is -10210121 (base 3) in base 15?
-c4a
What is 514 (base 8) in base 2?
101001100
What is 20210 (base 3) in base 6?
503
120110012 (base 3) to base 6
124052
Convert 1dc (base 14) to base 11.
325
Convert -162654 (base 7) to base 4.
-13313220
1637 (base 14) to base 12
2369
-81 (base 13) to base 10
-105
What is -513 (base 12) in base 6?
-3223
Convert 18a2 (base 15) to base 3.
21022022
Convert 10011101001 (base 2) to base 11.
a43
What is -412211 (base 5) in base 15?
-3ea6
Convert -14241 (base 7) to base 10.
-3900
Convert 100201 (base 3) to base 15.
127
What is 1a5 (base 12) in base 14?
153
102340 (base 5) to base 10
3470
Convert -73ad (base 16) to base 7.
-152223
Convert a60b (base 12) to base 8.
43353
21144 (base 5) to base 4
112100
564 (base 11) to base 8
1243
Convert -4694 (base 15) to base 12.
-8811
1231 (base 6) to base 3
102101
What is 1449 (base 11) in base 2?
11101001100
Convert 3244030 (base 5) to base 15.
1197a
325c (base 14) to base 9
12843
What is 385 (base 16) in base 9?
1211
Convert -270 (base 11) to base 12.
-227
What is -111211200 (base 3) in base 6?
-114413
Convert 262 (base 15) to base 11.
453
-10100110 (base 2) to base 10
-166
What is 1000001110 (base 2) in base 13?
316
Convert 557 (base 12) to base 13.
487
What is -1939 (base 12) in base 13?
-1521
What is -1010111110001 (base 2) in base 11?
-4247
12677 (base 10) to base 9
18345
Convert 42a (base 15) to base 6.
4204
What is -23403 (base 6) in base 9?
-4573
-1000111001100 (base 2) to base 4
-1013030
What is 3211 (base 15) in base 11?
7a59
12303102 (base 4) to base 13
c8ac
-20120 (base 3) to base 2
-10110001
What is 2034 (base 7) in base 15?
326
1205 (base 7) to base 5
3241
-762 (base 14) to base 6
-10430
Convert -1120122202 (base 3) to base 13.
-11201
Convert 21132000 (base 4) to base 2.
1001011110000000
Convert 768 (base 11) to base 12.
649
da (base 15) to base 10
205
-30111 (base 6) to base 5
-111211
What is 5610 (base 7) in base 5?
31031
What is 31214 (base 5) in base 7?
6001
What is 62310 (base 7) in base 14?
57b0
28849 (base 10) to base 14
a729
What is 1164 (base 9) in base 6?
4004
Convert -a5 (base 14) to base 3.
-12101
-1014 (base 5) to base 3
-11222
-2433 (base 5) to base 7
-1034
What is 1309 (base 12) in base 10?
2169
What is -12321 (base 4) in base 16?
-1b9
Convert 1178 (base 16) to base 10.
4472
8712 (base 10) to base 4
2020020
3c7 (base 14) to base 16
2fb
32d (base 15) to base 5
10333
What is 14532 (base 6) in base 8?
4470
Convert -24511 (base 9) to base 5.
-1011303
What is -37725 (base 8) in base 2?
-11111111010101
Convert -3d7 (base 14) to base 12.
-549
What is -3122 (base 12) in base 9?
-7308
Convert 11000101100 (base 2) to base 3.
2011112
Convert -10111111010101 (base 2) to base 7.
-50462
What is 12047 (base 8) in base 3?
21002002
e9 (base 15) to base 7
432
What is -1050 (base 7) in base 12?
-276
Convert ab38 (base 12) to base 5.
1101113
What is -101110 (base 2) in base 15?
-31
-71b (base 14) to base 6
-10245
What is 143 (base 16) in base 9?
388
436 (base 7) to base 10
223
Convert -3101 (base 13) to base 4.
-1221221
Convert -1134 (base 6) to base 2.
-100010010
Convert 391a (base 11) to base 4.
1033233
-111 (base 10) to base 3
-11010
Convert -e7 (base 15) to base 3.
-22001
What is -2461 (base 7) in base 13?
-562
Convert 7f7 (base 16) to base 6.
13235
What is -77 (base 9) in base 8?
-106
What is -84c1 (base 13) in base 2?
-100011111101001
-20222102 (base 3) to base 13
-2414
Convert -420144 (base 5) to base 10.
-13799
What is -27709 (base 11) in base 7?
-223013
Convert 1011000 (base 3) to base 4.
31011
What is -3222 (base 7) in base 6?
-5143
What is -2449 (base 10) in base 9?
-3321
Convert -2155 (base 6) to base 3.
-200122
What is -11669 (base 10) in base 8?
-26625
-31104 (base 9) to base 15
-6117
Convert 2264 